{"id":182,"date":"2026-01-20T10:56:53","date_gmt":"2026-01-20T10:56:53","guid":{"rendered":"https:\/\/inaba-shop.com\/?post_type=product&#038;p=182"},"modified":"2026-02-11T14:07:22","modified_gmt":"2026-02-11T14:07:22","slug":"voile-femme","status":"publish","type":"product","link":"https:\/\/inaba-shop.com\/index.php\/produit\/voile-femme\/","title":{"rendered":"Khimar"},"content":{"rendered":"<p>Tr\u00e8s beau tissu de qualit\u00e9 et pas fin id\u00e9al hiver Bandeau doubl\u00e9 sans couture finition parfaite S&#8217;\u00e9tire un peu pour un bon maintient<\/p>\n","protected":false},"excerpt":{"rendered":"<p>Tr\u00e8s beau tissu de qualit\u00e9 et pas fin id\u00e9al hiver Bandeau doubl\u00e9 sans couture finition parfaite S&#8217;\u00e9tire un peu pour un bon maintient<\/p>\n","protected":false},"featured_media":508,"comment_status":"open","ping_status":"closed","template":"","meta":[],"product_brand":[26],"product_cat":[23,21],"product_tag":[],"class_list":{"0":"post-182","1":"product","2":"type-product","3":"status-publish","4":"has-post-thumbnail","6":"product_brand-inaba","7":"product_cat-collection-ete","8":"product_cat-collection-ramadan","10":"first","11":"instock","12":"taxable","13":"shipping-taxable","14":"purchasable","15":"product-type-variable"},"jetpack_sharing_enabled":true,"_links":{"self":[{"href":"https:\/\/inaba-shop.com\/index.php\/wp-json\/wp\/v2\/product\/182","targetHints":{"allow":["GET"]}}],"collection":[{"href":"https:\/\/inaba-shop.com\/index.php\/wp-json\/wp\/v2\/product"}],"about":[{"href":"https:\/\/inaba-shop.com\/index.php\/wp-json\/wp\/v2\/types\/product"}],"replies":[{"embeddable":true,"href":"https:\/\/inaba-shop.com\/index.php\/wp-json\/wp\/v2\/comments?post=182"}],"wp:featuredmedia":[{"embeddable":true,"href":"https:\/\/inaba-shop.com\/index.php\/wp-json\/wp\/v2\/media\/508"}],"wp:attachment":[{"href":"https:\/\/inaba-shop.com\/index.php\/wp-json\/wp\/v2\/media?parent=182"}],"wp:term":[{"taxonomy":"product_brand","embeddable":true,"href":"https:\/\/inaba-shop.com\/index.php\/wp-json\/wp\/v2\/product_brand?post=182"},{"taxonomy":"product_cat","embeddable":true,"href":"https:\/\/inaba-shop.com\/index.php\/wp-json\/wp\/v2\/product_cat?post=182"},{"taxonomy":"product_tag","embeddable":true,"href":"https:\/\/inaba-shop.com\/index.php\/wp-json\/wp\/v2\/product_tag?post=182"}],"curies":[{"name":"wp","href":"https:\/\/api.w.org\/{rel}","templated":true}]}}