{"id":103,"date":"2026-01-18T12:15:22","date_gmt":"2026-01-18T12:15:22","guid":{"rendered":"https:\/\/inaba-shop.com\/?post_type=product&#038;p=103"},"modified":"2026-02-11T14:15:27","modified_gmt":"2026-02-11T14:15:27","slug":"robe","status":"publish","type":"product","link":"https:\/\/inaba-shop.com\/index.php\/produit\/robe\/","title":{"rendered":"Robe abaya ample"},"content":{"rendered":"<p>Abaya de qualit\u00e9 en cr\u00eape froiss\u00e9 L\u00e9g\u00e8re, fluide et tr\u00e8s agr\u00e9able \u00e0 porter Col rond , fronc\u00e9e au buste et au dos Double manche \u00e0 frourou La robe est cloche et mastour Long khimar bandeau doubl\u00e9 plus long derri\u00e8re que devant Finission parfaite Taille unique 36\/44<\/p>\n","protected":false},"excerpt":{"rendered":"<p>Abaya de qualit\u00e9 en cr\u00eape froiss\u00e9 L\u00e9g\u00e8re, fluide et tr\u00e8s agr\u00e9able \u00e0 porter Col rond , fronc\u00e9e au buste et au dos Double manche \u00e0 frourou La robe est cloche et mastour Long khimar bandeau doubl\u00e9 plus long derri\u00e8re que devant Finission parfaite Taille unique 36\/44<\/p>\n","protected":false},"featured_media":521,"comment_status":"open","ping_status":"closed","template":"","meta":[],"product_brand":[26],"product_cat":[23,21],"product_tag":[],"class_list":{"0":"post-103","1":"product","2":"type-product","3":"status-publish","4":"has-post-thumbnail","6":"product_brand-inaba","7":"product_cat-collection-ete","8":"product_cat-collection-ramadan","10":"first","11":"instock","12":"taxable","13":"shipping-taxable","14":"purchasable","15":"product-type-variable"},"jetpack_sharing_enabled":true,"_links":{"self":[{"href":"https:\/\/inaba-shop.com\/index.php\/wp-json\/wp\/v2\/product\/103","targetHints":{"allow":["GET"]}}],"collection":[{"href":"https:\/\/inaba-shop.com\/index.php\/wp-json\/wp\/v2\/product"}],"about":[{"href":"https:\/\/inaba-shop.com\/index.php\/wp-json\/wp\/v2\/types\/product"}],"replies":[{"embeddable":true,"href":"https:\/\/inaba-shop.com\/index.php\/wp-json\/wp\/v2\/comments?post=103"}],"wp:featuredmedia":[{"embeddable":true,"href":"https:\/\/inaba-shop.com\/index.php\/wp-json\/wp\/v2\/media\/521"}],"wp:attachment":[{"href":"https:\/\/inaba-shop.com\/index.php\/wp-json\/wp\/v2\/media?parent=103"}],"wp:term":[{"taxonomy":"product_brand","embeddable":true,"href":"https:\/\/inaba-shop.com\/index.php\/wp-json\/wp\/v2\/product_brand?post=103"},{"taxonomy":"product_cat","embeddable":true,"href":"https:\/\/inaba-shop.com\/index.php\/wp-json\/wp\/v2\/product_cat?post=103"},{"taxonomy":"product_tag","embeddable":true,"href":"https:\/\/inaba-shop.com\/index.php\/wp-json\/wp\/v2\/product_tag?post=103"}],"curies":[{"name":"wp","href":"https:\/\/api.w.org\/{rel}","templated":true}]}}